/21. Suppose 4*f + 104 = q. What is the tens digit of f?
9
Let o = -3 - -159. Suppose -5*d + 149 = -o. What is the units digit of d?
1
Suppose 0 = 3*z - 51 - 129. What is the tens digit of z?
6
Let u(g) = g**3 - 11*g**2 + g + 1. Let n(c) = 4*c**2 + 2*c - 1. Let p be n(-2). What is the units digit of u(p)?
2
Let t(r) = 373*r - 4. What is the tens digit of t(2)?
4
What is the hundreds digit of (402/(-4))/(47/(-94))?
2
Suppose 0 = -4*h + r + 15, -4*h - 3*r + 5 = -30. Suppose -l - 324 = -h*l. Let d = l - 38. What is the tens digit of d?
4
Let y = 2 + 6. Suppose 0 = -5*z + 3*a + 101, -4*a + 4 = 2*z - 52. Suppose h - y = z. What is the tens digit of h?
3
Let q(c) = c + 5*c - 4*c - 3*c + 1. Let z be q(-9). What is the tens digit of z/(-25) + 242/5?
4
Let t = -16 + 37. Suppose 0 = t*i - 8*i - 1326. What is the hundreds digit of i?
1
Let q = -4776 - -8032. What is the hundreds digit of q?
2
Suppose -4*q + 1404 + 2500 = 0. What is the tens digit of q?
7
Let g(x) = 76*x - 1. Let a be g(-1). Let u = -49 - a. Suppose 4*r = 0, -p - 3*r = p - u. What is the tens digit of p?
1
Suppose -164*c + 162*c = -2796. What is the units digit of c?
8
Let x(g) = -9*g + 13. Let z be x(10). Let d = z - -41. Let j = d - -66. What is the units digit of j?
0
Let c(f) = 509*f + 8. What is the hundreds digit of c(1)?
5
Let b be (6/(-3))/2 - -885. Suppose -7*g = -24*g + b. What is the units digit of g?
2
Let r(l) = -l + 1. Let k be r(1). Suppose -4*p + p + 15 = k. What is the units digit of p?
5
Suppose -10*x + 5*x + 3*h + 8869 = 0, 2*h = 5*x - 8871. What is the units digit of x?
5
Suppose -2*a + 43 = 117. Let o = a - -53. Let r = o + -6. What is the tens digit of r?
1
Let o(m) = 0*m + 12*m**3 + m**2 - 2 - 5*m**3 - 2 + m. Suppose 5*l + 3*b = 19, 5*l - 5*b = -4 - 1. What is the units digit of o(l)?
8
Let s = 117 + 130. Let q = s - 176. What is the units digit of q?
1
Let i = 264 + 46. What is the tens digit of i?
1
Suppose -41*a = -44*a - 87. Let z = 126 + a. What is the units digit of z?
7
Let s = 54 - 4. Let y(z) = -z + 10. Let g be y(7). Suppose g*r + s = 8*r. What is the units digit of r?
0
Let o = -354 - -2255. What is the tens digit of o?
0
Let y(p) = p**3 + 8*p**2 - 4*p - 4. Suppose q + 2*q - 4*t - 58 = 0, 4*q - 5*t = 76. Suppose -q - 26 = 5*m. What is the tens digit of y(m)?
2
Let v(s) = 6*s**2 - 2*s. Let m(r) be the second derivative of -r**3/6 - 3*r**2 - 3*r. Let q be m(-4). What is the units digit of v(q)?
8
Let l(u) = -12*u - 24. Let h = 19 + -26. What is the tens digit of l(h)?
6
Let m(z) = z - 11. Let o be m(12). Let x be (o/(-1))/(-1) - -1. Suppose 7 = x*n - n. What is the units digit of n?
7
What is the thousands digit of (-13)/((-546)/(-12)) - 37911/(-21)?
1
Suppose -3222 = -3*t + i, 1684 = 4*t - 3*i - 2612. What is the hundreds digit of t?
0
Let z(w) = w. Let m(u) = 81*u - 8. Let t(h) = m(h) + 2*z(h). What is the tens digit of t(2)?
5
Let l = 1778 - 575. What is the thousands digit of l?
1
Suppose -3*u = -30 - 0. Suppose y = -2*y - 3*o + 15, -o + 20 = 4*y. Suppose 2*m = -5*x + u, -3*m + 2*m - 3*x + y = 0. What is the units digit of m?
5
Let u be (2/3)/((-40)/(-12) + -3). Suppose u*v + 250 = 5*d, 5*d + 5*v + 48 - 298 = 0. What is the tens digit of d?
5
What is the hundreds digit of 74394/81 + (-8)/18?
9
Suppose 2*w - 14 = -5*s, -w = -2*s + 2 - 0. Suppose -3*k = 4*y - 100, 5*y - 118 = -4*k + s*k. Suppose y = v - 3. What is the tens digit of v?
2
What is the units digit of (-2)/(48/36)*3028/(-6)?
7
Let m(z) = 113*z + 168. What is the hundreds digit of m(4)?
6
Let b = -140 - -142. Let o(k) = 21*k**2 + k - 4. What is the tens digit of o(b)?
8
Let k be ((-75)/(-10))/((-3)/(-50)). Let j = k - 70. What is the units digit of j?
5
Suppose c - 4 = o, 29 = 5*c - 0*o - 2*o. Suppose -c*v + 147 = -119. What is the units digit of v?
8
Let j = 20 + -17. Let y be (0 + 7 + j)*1. What is the units digit of (-2)/(-3) - y/(-3)?
4
Let d be (1 + (-3)/(-6))*-2. What is the tens digit of (-147)/(-9) + 1/d?
1
Let l(w) = -w**3 - 11*w**2 - 16*w - 21. Suppose -f = -2*f - 3, 3*c - f + 33 = 0. What is the hundreds digit of l(c)?
3
Let x be ((-24)/(-28))/((-9)/(-42)). Suppose -x*k + 270 = k. What is the units digit of k?
4
Let y(c) = -4*c**2 - 34*c + 6. Let u be y(-7). Let f = -176 - -256. Let w = f - u. What is the units digit of w?
2
Let r be (-3 + (-10)/(-3))*-27. Let y = 22 - r. What is the units digit of y?
1
Suppose -3*q - 65 = -20. What is the tens digit of (-2 - q/9)*-195?
6
Suppose 5*b + 10 = -s + 3*b, 5*b = s - 25. Suppose -3*a + 3 = -s*a. What is the tens digit of -2 - -17 - (-1)/a?
1
What is the hundreds digit of 221 - (1/7 - 170/(-35))?
2
Let k(j) = -j**3 - 6*j**2 + 7*j - 5. Let a be k(-8). Let w = a - 30. What is the units digit of w?
7
Suppose 0 = -x + 3, x - 1 = g - 0*x. Suppose p = -0*p + g. Suppose 0 = -5*u + p*u + 30. What is the tens digit of u?
1
Let x = -11 + 14. Let c be -1 + x + (-42)/(-7). Suppose c + 16 = 3*f. What is the units digit of f?
8
Let w(t) = 6*t**2 + 3*t - 2. Let a(d) = -6*d**2 - 4*d + 3. Let m(o) = 3*a(o) + 4*w(o). What is the tens digit of m(3)?
5
Let t = -1 + 5. What is the units digit of (t/(-3))/((-4)/6)?
2
Let d = 610 + -356. What is the units digit of d?
4
Suppose s = -p + 2 + 1, 0 = 3*p - 5*s - 1. What is the units digit of -2 + p + -2 + 27?
5
Suppose -5*v = 2*t - 827, -49*t = -46*t + 3*v - 1263. What is the tens digit of t?
2
Let v = -11 - -17. What is the units digit of 2*(0 - (-225)/v)?
5
Let z = -136 + 143. Let q be 3 - (-2 + -2 - -2). What is the units digit of -1 + -2 + q*z?
2
Let x(n) = 4*n**2 + 3*n - 2. Let z(f) = 2*f + 1. Let s be z(-2). What is the tens digit of x(s)?
2
Let j = -5 + -6. Let u = 19 + j. Let f(n) = -n**3 + 7*n**2 + 11*n - 6. What is the units digit of f(u)?
8
Let f(o) = o**3 - 18*o**2 + 10. Let z be f(18). Let g be -1*(-5)/z*14. Suppose 0 = 2*d + 2*i - 21 - g, -3*d = -3*i - 30. What is the tens digit of d?
1
Let d(a) be the second derivative of -a**3/6 + a**2/2 - 2*a. Let t be d(-3). Suppose -5*o + 63 = 2*z - 1, -t*o - 45 = -z. What is the units digit of z?
7
Suppose -33*o = -37*o + 1528. Suppose 5*p - o = -q, -7 + 1 = -3*q. What is the units digit of p?
6
Let l be (-9)/(-2)*6/9. Suppose -l*h + 14 = -x, 4*h + 3*x + 5 = 2. Suppose -h*u - 57 = -6*u. What is the units digit of u?
9
Let m(j) = 27*j + 8. What is the units digit of m(6)?
0
Suppose -3*a - 40 = -13. What is the tens digit of 47*3/a*-3?
4
Suppose -2*q + 4 + 4 = 0. Suppose 5*r - 5 = 5*n, -5*n + q*r = -2*n. What is the units digit of 11 + n*3/6?
9
Suppose -488 = -5*l + 1472. What is the units digit of l?
2
What is the tens digit of -13 + (7 - 2) + 5098?
9
Suppose -365 = -5*k + 15*m - 14*m, 3*k - 196 = -4*m. What is the tens digit of k?
7
What is the units digit of 5 - (224/(-70))/((-3)/(-1065))?
1
Suppose 2*n + 3*n = 40. Let p be (4/n)/((-2)/(-128)). What is the units digit of 1/(-8) + 260/p?
8
Let f be 1 - 0 - (1 - 3). Suppose f*q - 11 = -2. What is the units digit of -70*(q + 14/(-4))?
5
What is the thousands digit of (-16)/1*21331/(-166)?
2
Let z = 12 - 12. Let s(j) = j**2 + j + 32. What is the units digit of s(z)?
2
Suppose -4*l + 5426 = 1554. What is the units digit of l?
8
Suppose 5*x - p - 13 = 0, -4*x - 3*p = -5*p - 8. Suppose 4*d - 3*d = 3*c + 233, -475 = -2*d - x*c. What is the tens digit of d?
3
Let d(f) = -3*f - 8. Let j be d(-6). Let s be (j/30)/((-1)/(-21)). Let n(i) = -i**3 + 7*i**2 + 3*i. What is the units digit of n(s)?
1
Let m(f) = f**3 + 10*f**2 + 9*f. Let r be m(-9). Suppose -2*k + r*k + 3*b = -365, 0 = -3*k - 5*b + 500. Suppose w + k = 6*w. What is the tens digit of w?
3
Let g(q) = q**2 - 3*q - 61. Let k be g(-19). Suppose -4*m = -11*m + k. What is the units digit of m?
1
Let w(a) = -a**3 + 14*a**2 + 19*a + 15. Let v be w(14). Suppose -4*j + 407 = -v. What is the units digit of j?
2
Let a(p) = 2*p**2 - 4*p + 5. Let h be a(6). Let i = h + -3. Suppose 2*q + 4 = i. What is the tens digit of q?
2
Suppose q - 907 - 40 = 0. Suppose -5*p + q = 207. What is the units digit of p?
8
What is the units digit of (-3 - 2) + (-288015)/(-65)?
6
Suppose 4*k = -k - 40. Let r = 16 + k. What is the tens digit of (-76)/r*2*-1?
1
What is the hundreds digit of 502 + ((4 - 0) + 0 - 0)?
5
Let r = -32 + 11. Let n = 41 + r. What is the tens digit of n?
2
What is the unit